+ d + 2*d + 21. What is the units digit of (-30)/m*(-24)/(-9)?
0
Let j(a) = 2*a**2 + 7*a + 6. Suppose 2*b + 2*b = 60. Let y be b/6*-2 + 1. What is the units digit of j(y)?
0
Suppose -l + 19 + 12 = 0. What is the tens digit of l?
3
Suppose s - 12 = 3. What is the tens digit of s?
1
Suppose u + 4*g + 17 - 66 = 0, 2*g - 6 = 0. What is the tens digit of u?
3
What is the tens digit of ((-715)/(-15))/(1/3)?
4
Let k(r) = -r**2 - 3*r + 4. Let n be k(-4). Let t = n + 3. What is the units digit of t?
3
Suppose 2*j + 112 = 6*j. What is the tens digit of j?
2
Let f = 257 - 156. What is the units digit of f?
1
Let x = -39 - -14. What is the units digit of (-235)/x - 2/5?
9
Suppose -w + 0*w = 0. Let j be 0/(-2 + w + 3). Suppose -g - g + 6 = j. What is the units digit of g?
3
Let w be 0/(0 + (-1)/1). Let b be -2*(-2)/(-4) - -3. Suppose b = -w*p + p. What is the units digit of p?
2
Let d(i) = i**3 + i + 4. Let r be d(0). Let q be (2/(-5))/(r/40). Let n(a) = a + 5. What is the units digit of n(q)?
1
Suppose 4*v - 28 = -5*t, -4*t - 28 = v - 5*v. Let n(a) = a - 1. Let j be n(-4). Let c = v + j. What is the units digit of c?
2
Suppose 3*u - 19 = 4*p, -3*u - 1 = p - 0*p. Let c be (u + (-2)/4)*66. Suppose -s + i + 16 = 0, 3*s = s + 3*i + c. What is the units digit of s?
5
Suppose 135 = 3*j + 3*r, 5*j = 3*r - 2*r + 195. Suppose -j = -t - 3*t. What is the tens digit of t?
1
Suppose 3*u - 195 = u - g, -293 = -3*u - g. What is the tens digit of u?
9
Suppose -2*c - 6 = -5*c. What is the units digit of (0 + 4 - 2)*c?
4
Let k be (-2 - 0 - -2)/2. Suppose -5*h + 0*h + 25 = k. What is the units digit of h?
5
Let c = -4 + 7. Suppose y = -2*y + 12. Let z = y - c. What is the units digit of z?
1
Suppose 0*t + 24 = 2*t. What is the tens digit of t?
1
Let f(u) = -u**2 + 8*u - 3. Let d be f(9). Let s = d + 10. What is the units digit of (-1)/(0 - s/(-42))?
1
Suppose 3*d + 2*p - 99 = -p, 2*d - 54 = 4*p. What is the tens digit of d?
3
Let k(m) = -m**3 + 5*m**2 + 7*m - 3. Let s be k(6). Suppose -2*n = -s*a + 106, -5*n + 76 = 2*a - n. What is the tens digit of a?
3
Let q = -23 + 47. Suppose 3*v + v = -4*k + q, -28 = -4*v - 5*k. Suppose -5*g - v*o = -4, 5*o = g + 3*o - 8. What is the units digit of g?
2
Let q(x) = -2*x - 6. Let n(r) = 2*r**2 - 3. Let p(w) = -3*w**2 - w + 5. Let a(m) = -5*n(m) - 3*p(m). Let j be a(4). What is the units digit of q(j)?
2
Let b(p) = -p**3 + 8*p**2 - 7*p + 8. Let u be b(7). Let f = 3 + u. What is the tens digit of f?
1
Let d be 8/(-2) - 0/(-2). Let t(z) = z**3 + 5*z**2 + 4*z + 4. Let a be t(d). Let k = a + 10. What is the units digit of k?
4
Let h = 10 + -4. What is the units digit of h?
6
Let k = 2 + 48. What is the tens digit of k?
5
Let m = -3 + 8. Suppose -b = -m*b. Suppose b*i + 16 = 2*i. What is the units digit of i?
8
Let i(a) = 11*a**2 - 4*a - 3. What is the tens digit of i(-2)?
4
Let l = 69 - 29. What is the units digit of l?
0
Let p be ((-4)/(-1))/(-4 - -6). Let a be -1 - (0 + p/1). Let h = 2 - a. What is the units digit of h?
5
Suppose 0 = -2*s + 5*s. Suppose 3*b + 3*c - 108 = 0, s = 7*b - 3*b - 3*c - 144. What is the units digit of b?
6
What is the units digit of (-91 + 1)*4/(-5)?
2
Let r be (-7 - -6)*3/1. Let o be 7 + (-2 - -2)/r. Suppose -o*g + 66 = 4*z - 2*g, -z + 24 = 5*g. What is the tens digit of z?
1
Suppose -6*s - s + 259 = 0. What is the tens digit of s?
3
Let b = -13 - -15. Suppose 12 = m + s, -s = -1 - b. What is the units digit of m?
9
Suppose -7*r = -5*r - 4. Suppose -6*f + 3*f - 2*j + 17 = 0, -4*f = 4*j - 28. Suppose 5*l - r*h - f = 0, 5*l + 8*h = 3*h + 10. What is the units digit of l?
1
Let b(m) = m. What is the units digit of b(16)?
6
Let i(a) = -4*a - 1. Let h be i(1). Let l(x) = -21*x**3 - 1. Let n(y) = 43*y**3 + 3. Let w(c) = h*l(c) - 2*n(c). What is the units digit of w(1)?
8
Let u be ((-12)/36)/(2/6). What is the tens digit of (-90)/(-9) - (u + -3)?
1
Let w(z) be the first derivative of -z**3/3 + z**2/2 - z + 2. Let c(r) = r**2 - 13*r - 4. Let x(i) = -c(i) - 2*w(i). What is the units digit of x(-11)?
6
Suppose 4*u - 5*o = -57, 3*u - 2*u - 5*o = -33. Let x(d) = -d**2 - 9*d + 11. What is the units digit of x(u)?
9
Suppose 4*y - 421 = -5*l, 3*y - 317 = -0*y - 4*l. What is the units digit of y?
9
Let o(x) = x + 6. Let g be o(-6). Let j = -2 + g. What is the units digit of j + 9 + 1 - 2?
6
Suppose 9 = 2*j + 1, -5*j = 4*b - 20. Suppose 0 = x - 2*m + 1, b = 5*x + m - 3 - 47. Suppose -x = 2*l - 3*l. What is the units digit of l?
9
Let g(j) = -j**3 - 6*j**2 + 7*j + 4. Let k = -5 - 2. What is the units digit of g(k)?
4
Suppose -3*b - v + 117 = 0, 6*b - 2*b + 5*v - 145 = 0. What is the tens digit of b?
4
Suppose -2*u - 24 = u. What is the tens digit of 2/u - 265/(-20)?
1
What is the tens digit of 4*3/((-3)/(-11))?
4
What is the tens digit of (2 + 0)/(2/28)?
2
Let w = 120 + -44. What is the units digit of w?
6
Suppose 2*a + 0*a - 243 = 3*p, 5*a - 2*p - 635 = 0. What is the tens digit of a?
2
Let h be (14/(-5))/(4/20). Suppose -5*c = l + 4, -4*c - 4 = l - 8*c. What is the units digit of l/h + (-130)/(-35)?
4
Suppose -4*d = 5*g - 0*g - 68, 4*g - 2*d - 70 = 0. What is the tens digit of g?
1
Let i = 20 - 34. What is the units digit of -1*(1 + i + 0)?
3
Let j = -1 + 7. Let c = -1 + j. Suppose -3*o + o + 2*a = -24, c*a = -o. What is the tens digit of o?
1
Suppose 41 + 61 = 3*r. What is the units digit of r?
4
Let u = 121 - 25. Suppose -4*h - 24 + u = 0. What is the units digit of h?
8
Let s = 34 + -16. What is the tens digit of s?
1
Let x be -2 + -3 + 2 + 1. Let t be (2 + -12)*1*x. Suppose t = 7*w - 3*w + 4*q, 0 = 4*w + 3*q - 24. What is the units digit of w?
9
Suppose -w - 36 = -4*r - 3*w, 4*r - 64 = 5*w. What is the units digit of r?
1
What is the tens digit of 4/6*8610/28?
0
Suppose 11 = 3*p + v - 6*v, 5*p = 4*v + 40. What is the tens digit of p?
1
Let l = 269 + -187. Suppose -2*x - 2*x - 30 = -2*k, -5*k + 3*x = -l. What is the tens digit of k?
1
Let r(x) = x**3 + 8*x**2 + 6*x - 4. Let d = -18 + 11. What is the units digit of r(d)?
3
Let a(q) = q**2 - 5*q + 37. What is the units digit of a(11)?
3
What is the hundreds digit of 4/3*810/4?
2
Let v = 85 + -44. What is the tens digit of v?
4
Let w(u) = 5*u**2 + 14*u + 10. What is the hundreds digit of w(-6)?
1
Let r = 5 - 8. Let p = -1 - r. What is the units digit of p?
2
Let g(i) = -6*i - 1. Let u be g(-2). Let n = 0 + u. What is the tens digit of n?
1
Let u(v) be the first derivative of -7*v**2/2 + 2*v + 6. What is the units digit of u(-1)?
9
Suppose 2*g = -4*t + 7*g + 667, -2 = -2*g. What is the tens digit of t?
6
Let w(k) be the second derivative of k**5/20 - k**4/6 - k**3/3 + k**2 + 2*k. Let p be w(4). Suppose p + 18 = 4*f. What is the tens digit of f?
1
Suppose 4 = 2*l - 16. Let t = l - 5. Suppose 2*f - t = 7. What is the units digit of f?
6
What is the tens digit of -8*(18/42 + (-435)/84)?
3
Suppose 5 = 2*b + u, b + 4*u = -5 + 25. Suppose b*a - 4 = 2*a. Let h(n) = -5*n + 1. What is the tens digit of h(a)?
1
Suppose c - 4*u + 2 = 18, c - 8 = -4*u. What is the units digit of c?
2
Suppose 4*a = a - 5*t - 11, -5*a - 9 = -t. Let f be -1 - (a - 2)/1. Suppose f*w + 2 = 4*w. What is the units digit of w?
2
Let q(x) = 53*x**3 - 2*x**2 + 2*x - 1. What is the tens digit of q(1)?
5
Suppose 3*q + 9 - 21 = 0. Suppose 5*l + 0*a - 53 = -2*a, -q*a = -16. What is the units digit of l?
9
Let a be (8/10)/(1/30). Suppose 3*o + a = 4*q - 0*o, 3*o = -12. What is the units digit of q?
3
Let h(z) = -z**3 + 5*z**2 - 4*z + 1. Let k be h(4). Let c = k + 0. What is the units digit of c + (-1 - -2) - -1?
3
Let l(a) = 2*a - 2. Let q be l(9). Suppose 4*c + q = 5*c. What is the tens digit of c?
1
Let b = 61 + -16. What is the units digit of b?
5
Let p(c) = -14*c - 6. What is the units digit of p(-19)?
0
Let o(u) = -8*u - 1. Let c(r) = -r**2 + 5*r - 1. Let j be c(5). What is the units digit of o(j)?
7
Suppose 0*w + 8 = m - w, -4*m = -3*w - 32. What is the units digit of ((-22)/m + -3)*-4?
3
Suppose 121 = 2*b - 3*l, 4 = 3*l + 1. What is the tens digit of b?
6
Suppose -2*p + 195 = o, -4*p = -4*o - 5*p + 801. What is the units digit of (-2)/(o/69 + -3)?
3
Let a(i) = i**3 - 16*i**2 + 32*i + 16. What is the units digit of a(14)?
2
Let q(h) = -h + 6. Let t = -3 + 7. What is the units digit of q(t)?
2
Let s = -26 - -28. L